5*s - 40 = 0. Let t be (-38)/(-5) - (3 + 17/s). Suppose -t*g + 158 + 562 = 0. What are the prime factors of g?
2, 3, 5
Suppose 5*o + 512 = -588. Let h = o + 438. What are the prime factors of h?
2, 109
Suppose -266*s + 579*s - 4484384 = 227*s. List the prime factors of s.
2, 3259
Let g(x) = -3*x**2 - x - 9. Let f be g(3). Let k = f + 41. Suppose -t - k*t = -78. What are the prime factors of t?
2, 13
Let v = 146 + -236. What are the prime factors of (-19732)/(-24) - 75/v?
823
List the prime factors of (-2755 - -9)/((-10)/40).
2, 1373
Let d be 0/(1/3 + 26/(-6)). Suppose 0 = 3*w + 5*i - 1899, 0 = -d*w - 3*w - 2*i + 1890. What are the prime factors of w?
2, 157
Let l(i) = 11 - 173*i - 26 + 175*i - 51 + i**2. What are the prime factors of l(21)?
3, 139
Let l be (0 + -1)*199/(-1). Suppose 328 = -4*b - 2*u, u = -b - 52 - 29. Let q = l + b. What are the prime factors of q?
2, 29
Let v(j) = -482*j - 958. What are the prime factors of v(-21)?
2, 29, 79
Let f = 1483 - -3865. List the prime factors of f.
2, 7, 191
Let v be (-6)/(-15) + 0 + (-159)/(-15). Suppose -20 = -3*f - v. Suppose -2*o + 149 = l, -388 = -3*l + f*o + 41. List the prime factors of l.
5, 29
What are the prime factors of 4/(-50) - (-9239694)/4925?
2, 7, 67
Let b(q) = -31*q + 1554. Let f be b(50). Let g = 205 + -57. Suppose -g - 472 = -f*r. What are the prime factors of r?
5, 31
Suppose 10*w = 40161 + 8199. Let m = w - 3304. What are the prime factors of m?
2, 383
Let h(u) = 3*u**2 - u + 1. Let s = 21 + -20. Let x be h(s). Suppose 5*a - 160 = x*a. What are the prime factors of a?
2, 5
Let v = 29373 - 20691. What are the prime factors of v?
2, 3, 1447
Suppose 10 = -17*j + 19*j - 2*m, 5*j - m = 29. List the prime factors of 478/3 - (-4)/j.
2, 5
Let t(c) = 12*c**2 - 27*c + 215. What are the prime factors of t(8)?
13, 59
Suppose 0 = 5*f - 2*i - 4087, -18*f = -19*f + 4*i + 821. Suppose -h + 501 = -2*m, -4*m + 716 = 3*h - f. What are the prime factors of h?
3, 13
Suppose 7*z = 1023 - 155. Let k = z - -41. List the prime factors of k.
3, 5, 11
Let w = 62 + -60. Let n be (2/w*-3)/(24/(-8)). What are the prime factors of 8/4 + n + 68/2?
37
Let t be (0 - 0) + 22 + -19. Suppose 4*h - 2*h + t*s = 564, h = -5*s + 282. List the prime factors of h.
2, 3, 47
Suppose -1 = -2*f + 1, 5*f - 3689 = -4*c. What are the prime factors of c?
3, 307
Let p(y) = -99*y - 1477. What are the prime factors of p(-26)?
1097
Suppose 0 = -3*h + 4*u + 7406, 1342 - 11212 = -4*h + 3*u. What are the prime factors of h?
2, 3, 137
Suppose 0 = -5*x + j + 101 + 403, 0 = 5*j + 20. Suppose x = -4*q - 3*r, 5*q - 2*r + 156 = 2*r. Let i = 34 + q. List the prime factors of i.
2, 3
Let c(s) = -s**3 + 30*s**2 - 49*s + 147. List the prime factors of c(16).
7, 421
Suppose 7*t - 824 = -1209. Let n = t - -1007. What are the prime factors of n?
2, 7, 17
Let p = 110980 - 46293. What are the prime factors of p?
7, 9241
Suppose -4*x - 5*p = -14468, -3*p + 39822 = 11*x + 2*p. List the prime factors of x.
2, 1811
Suppose 0 = 5*d - 6*d + 199. Let y = -94 + d. Let l = -50 + y. What are the prime factors of l?
5, 11
Suppose -682 = 7*y + 697. Let m = 220 - y. List the prime factors of m.
3, 139
Let y = -473 - -473. What are the prime factors of 0/1 - (y - 870)?
2, 3, 5, 29
Let b be ((-24)/15 - -2) + (-856)/(-10). Suppose 87*i - b*i = 480. Suppose 4*o - i = -6*o. What are the prime factors of o?
2, 3
Let k = -14466 - -22028. List the prime factors of k.
2, 19, 199
Suppose 4*k - 2*c = 2432, k - 5*c - 597 = -10*c. Let n = 322 - k. Let o = -69 - n. List the prime factors of o.
2, 3
Let l be (-3 + 2)/(9/45) + 3055. Let k = l + -2122. List the prime factors of k.
2, 29
Let q be ((-168)/20)/(5/(-150)). Let c = q - 238. What are the prime factors of c?
2, 7
Suppose 133*j - 3018551 = 2044360. List the prime factors of j.
3, 12689
Let h(d) = 3*d**2 + 20*d - 19. Let k be h(1). List the prime factors of (38/k)/((-2)/(-176)).
2, 11, 19
Let h(n) = -n**2 - 27*n - 62. Let z be h(-25). Let w be (-12)/10*(-5)/(-2). List the prime factors of (6/z)/(w/366).
61
Let l(y) = -10012*y - 1128. What are the prime factors of l(-2)?
2, 1181
Let c = -483 + 25316. List the prime factors of c.
19, 1307
Suppose 26 - 6 = 5*q. Suppose -4*t - 1714 = -5*l, -488 = -3*l - q*t + 534. List the prime factors of l.
2, 3, 19
Let f be 6*198/(-20) - (-3)/(-5). What are the prime factors of ((-189)/18)/(1 - (-61)/f)?
2, 3, 5, 7
Suppose 0 = -3*c, 0*i - 5*i = 4*c. Suppose -155 = -5*w + 185. Suppose v + 3*v + 4*d - 76 = i, -5*v + w = -4*d. List the prime factors of v.
2
Suppose 5*v + 2*m = 32732, -7*m = 4*v - 8*m - 26196. List the prime factors of v.
2, 1637
Let k be (-13)/(78/6) + (3 - -1). Suppose 10*l - 8*l = -4*o + 2346, 0 = 4*l + k*o - 4717. List the prime factors of l.
7, 13
Let h(p) = -37*p + 14. Let y be h(2). Let d be 2 - ((-10)/(-30))/((-2)/y). Let z(f) = f + 21. What are the prime factors of z(d)?
13
Let h be -2*(3 + 1035/10). Let p = 97 - h. What are the prime factors of p?
2, 5, 31
Let m be (16 - -384)*(-2)/(-4). Let v = 188 + m. List the prime factors of v.
2, 97
Let v = 550 - 525. Let u(l) = 28*l + 27. List the prime factors of u(v).
727
Suppose -187*h - 15 = -190*h. Suppose y = h*k - 2958, -3*y + 2355 = k + 3*k. What are the prime factors of k?
3, 197
Let p = -165 - -305. Suppose -5*f + 660 = -p. Suppose -2*b = -0 - f. List the prime factors of b.
2, 5
Suppose q = -0 + 4. Suppose 14 = c + q. Suppose -z + 2 = 0, 2*a + 3*z - 22 = c. What are the prime factors of a?
13
Let s be (-38)/(33/99*(-6)/2). List the prime factors of (1/(-3))/(s/(-168606)).
3, 17, 29
Suppose 3*p + 4*j - 152109 - 3877 = 0, -p = 3*j - 51997. What are the prime factors of p?
2, 25997
Let p = -17895 - -39228. What are the prime factors of p?
3, 13, 547
List the prime factors of 15572 - (1 + 2 + -8).
37, 421
List the prime factors of 444042/(-36)*(-10)/15 - 6.
3, 11, 83
Let w = 96 - 123. Let t(u) = -19*u + 102. What are the prime factors of t(w)?
3, 5, 41
Suppose n = 2*n + 1, 5*b = 5*n + 7220. What are the prime factors of b?
3, 13, 37
Let g(r) = 7*r + 3. Let q be g(0). What are the prime factors of 259 + (q - -4) + (-4)/2?
2, 3, 11
Let f = 15949 + -4396. What are the prime factors of f?
3, 3851
Suppose -y = -5*j + 73430, 59*j = 58*j - 2*y + 14686. List the prime factors of j.
2, 7, 1049
Suppose -13 = -11*u - 2. List the prime factors of 408 - (2 + (-2 - u)).
409
Let o(l) = 9 - 14 + 470*l - 11 - 20. List the prime factors of o(3).
2, 3, 229
Let j = 7645 - -4403. List the prime factors of j.
2, 3, 251
Suppose -992*z + 996*z = 2*v - 5700, 5*v + 2*z = 14286. What are the prime factors of v?
2, 3, 7, 17
List the prime factors of 5/(-3) - (-28141204)/1014.
27751
What are the prime factors of 7282638/297 - 5/3?
3, 11, 743
Let d(b) = 5*b**3 + 8*b**2 + 4*b - 24. Let y be d(6). Suppose -3*a + 6*j = 3*j - y, -1792 = -4*a - 4*j. What are the prime factors of a?
2, 113
Let a(j) = j**3 - 14*j**2 - 8*j - 115. Let p(g) = -g**3 + 12*g**2 + 8*g + 116. Let r(b) = -4*a(b) - 3*p(b). What are the prime factors of r(13)?
1399
Let m(a) = a**2 + 4*a - 13. Let u be m(-7). Suppose 2*n = u*n - 6450. What are the prime factors of n?
5, 43
Suppose -20*x + 10*x = -8880. Suppose -3*q = f - 2614, 9*q + 3*f = 10*q - x. List the prime factors of q.
3, 97
Suppose 137399 + 37541 = 10*c. List the prime factors of c.
2, 8747
Suppose 5*t + 394664 = 57*t - 442484. List the prime factors of t.
17, 947
Suppose 35*d - 122*d = 313087 - 1310194. List the prime factors of d.
73, 157
Suppose 0 = 3*f + 5*d - 7711, 2*f + 5*d = -2*f + 10278. List the prime factors of f.
17, 151
Suppose -25*f - 533119 = -45*f - 89*f. What are the prime factors of f?
67, 73
Suppose 6*q - 5*q - f - 619 = 0, 4*f - 2500 = -4*q. Suppose 5*d - 5*x = 2785, 4*x = 2*d - 502 - q. List the prime factors of d.
2, 3, 23
Suppose 41917 = 3*h + 2*u + 12100, 29823 = 3*h + u. List the prime factors of h.
61, 163
Let n(x) = -145*x - 6. Let v(h) = -290*h - 14. Let q(k) = -9*n(k) + 4*v(k). What are the prime factors of q(3)?
433
Suppose -2509*h + 2521*h = 312672. What are the prime factors of h?
2, 3257
What are the prime factors of ((-18)/(-12))/(9 - 2829387/314380)?
2, 5, 1429
Suppose -4*z = -10*z + 6. Suppose -5*d + z = 2*t - 4, 3*t = 0. Let n(g) = 72*g**3. List the prime factors of n(d).
2, 3
Suppose